1865 is divided by 928?
9
What is the remainder when 340637 is divided by 10?
7
Calculate the remainder when 1243 is divided by 395.
58
What is the remainder when 754 is divided by 328?
98
Calculate the remainder when 2082 is divided by 512.
34
What is the remainder when 19035 is divided by 70?
65
What is the remainder when 2220858 is divided by 10?
8
Calculate the remainder when 20684 is divided by 199.
187
What is the remainder when 11628 is divided by 515?
298
What is the remainder when 51027 is divided by 25460?
107
What is the remainder when 3223 is divided by 293?
0
Calculate the remainder when 1326 is divided by 12.
6
What is the remainder when 1061 is divided by 1049?
12
Calculate the remainder when 16854 is divided by 687.
366
Calculate the remainder when 62499 is divided by 33.
30
What is the remainder when 25190 is divided by 2099?
2
Calculate the remainder when 392641 is divided by 31.
26
Calculate the remainder when 1259 is divided by 307.
31
Calculate the remainder when 1426898 is divided by 326.
322
What is the remainder when 119039 is divided by 81?
50
What is the remainder when 2365 is divided by 384?
61
What is the remainder when 5499 is divided by 220?
219
Calculate the remainder when 410289 is divided by 783.
780
What is the remainder when 162738 is divided by 57?
3
What is the remainder when 338595 is divided by 65?
10
What is the remainder when 405654 is divided by 67608?
6
Calculate the remainder when 2487 is divided by 89.
84
Calculate the remainder when 682092 is divided by 16.
12
Calculate the remainder when 32680 is divided by 277.
271
What is the remainder when 6692 is divided by 204?
164
What is the remainder when 343537 is divided by 119?
103
What is the remainder when 92854 is divided by 1522?
12
Calculate the remainder when 14328 is divided by 34.
14
Calculate the remainder when 1437224 is divided by 251.
249
What is the remainder when 25930 is divided by 2737?
1297
What is the remainder when 1674574 is divided by 7?
6
Calculate the remainder when 12214 is divided by 524.
162
What is the remainder when 37785 is divided by 165?
0
Calculate the remainder when 10639 is divided by 10610.
29
Calculate the remainder when 115439 is divided by 69.
2
Calculate the remainder when 99 is divided by 37.
25
Calculate the remainder when 1146235 is divided by 286555.
15
Calculate the remainder when 240066 is divided by 14.
8
Calculate the remainder when 189540 is divided by 123.
120
What is the remainder when 36071 is divided by 496?
359
Calculate the remainder when 14712 is divided by 2096.
40
Calculate the remainder when 74295 is divided by 288.
279
Calculate the remainder when 63982 is divided by 311.
227
Calculate the remainder when 30070 is divided by 1762.
116
What is the remainder when 822 is divided by 11?
8
What is the remainder when 30867 is divided by 7702?
59
What is the remainder when 2561 is divided by 1242?
77
What is the remainder when 6156 is divided by 23?
15
What is the remainder when 13564 is divided by 13490?
74
What is the remainder when 780065 is divided by 260004?
53
Calculate the remainder when 23730 is divided by 349.
347
Calculate the remainder when 34698 is divided by 89.
77
Calculate the remainder when 4542 is divided by 1452.
186
What is the remainder when 82657 is divided by 27550?
7
Calculate the remainder when 8513 is divided by 4252.
9
Calculate the remainder when 2567 is divided by 2479.
88
Calculate the remainder when 12125 is divided by 24.
5
What is the remainder when 532768 is divided by 568?
552
What is the remainder when 1337 is divided by 611?
115
What is the remainder when 1508098 is divided by 660?
658
Calculate the remainder when 35792 is divided by 50.
42
Calculate the remainder when 1372 is divided by 14.
0
Calculate the remainder when 8218 is divided by 257.
251
What is the remainder when 613 is divided by 311?
302
Calculate the remainder when 1147 is divided by 173.
109
Calculate the remainder when 308322 is divided by 203.
168
What is the remainder when 60845 is divided by 2?
1
Calculate the remainder when 2121 is divided by 528.
9
What is the remainder when 11376 is divided by 36?
0
Calculate the remainder when 110212 is divided by 38.
12
Calculate the remainder when 594538 is divided by 88.
10
Calculate the remainder when 697474 is divided by 34.
32
Calculate the remainder when 5103422 is divided by 823.
822
Calculate the remainder when 1662777 is divided by 37.
34
Calculate the remainder when 21612 is divided by 77.
52
What is the remainder when 168910 is divided by 207?
205
What is the remainder when 125342 is divided by 41779?
5
Calculate the remainder when 27384 is divided by 51.
48
What is the remainder when 37992 is divided by 775?
17
What is the remainder when 15889 is divided by 1441?
38
What is the remainder when 753 is divided by 176?
49
What is the remainder when 17177 is divided by 245?
27
What is the remainder when 1310974 is divided by 144?
142
Calculate the remainder when 123 is divided by 38.
9
What is the remainder when 19380 is divided by 7?
4
Calculate the remainder when 13574 is divided by 6766.
42
Calculate the remainder when 34707 is divided by 69.
0
What is the remainder when 42556 is divided by 116?
100
Calculate the remainder when 6934 is divided by 495.
4
What is the remainder when 80073 is divided by 26678?
39
Calculate the remainder when 2189 is divided by 3.
2
Calculate the remainder when 11157 is divided by 869.
729
Calculate the remainder when 3659 is divided by 211.
72
What is the remainder when 21582 is divided by 119?
43
What is the remainder when 188222 is divided by 188210?
12
What is the remainder when 3239 is divided by 458?
33
Calculate the remainder when 44421 is divided by 36.
33
What is the remainder when 163553 is divided by 235?
228
What is the remainder when 468 is divided by 71?
42
What is the remainder when 5280 is divided by 74?
26
Calculate the remainder when 3938 is divided by 46.
28
What is the remainder when 332847 is divided by 175?
172
What is the remainder when 517 is divided by 485?
32
Calculate the remainder when 147577 is divided by 94.
91
Calculate the remainder when 474519 is divided by 52724.
3
What is the remainder when 2554 is divided by 36?
34
What is the remainder when 18572 is divided by 4643?
0
What is the remainder when 44430 is divided by 219?
192
What is the remainder when 907 is divided by 146?
31
What is the remainder when 136377 is divided by 436?
345
What is the remainder when 1235 is divided by 293?
63
Calculate the remainder when 9415 is divided by 1371.
1189
What is the remainder when 1741 is divided by 198?
157
What is the remainder when 64901 is divided by 484?
45
Calculate the remainder when 102250 is divided by 1328.
1322
What is the remainder when 19719 is divided by 19681?
38
What is the remainder when 536 is divided by 39?
29
Calculate the remainder when 20873 is divided by 6914.
131
What is the remainder when 322503 is divided by 443?
442
What is the remainder when 515 is divided by 156?
47
What is the remainder when 359631 is divided by 133?
132
What is the remainder when 2750 is divided by 1326?
98
Calculate the remainder when 51929 is divided by 6486.
41
What is the remainder when 468767 is divided by 32?
31
What is the remainder when 21170 is divided by 543?
536
Calculate the remainder when 3208 is divided by 2882.
326
Calculate the remainder when 1959 is divided by 949.
61
Calculate the remainder when 8480 is divided by 2053.
268
Calculate the remainder when 20062 is divided by 161.
98
What is the remainder when 39302 is divided by 29?
7
What is the remainder when 11403 is divided by 3600?
603
What is the remainder when 6170 is divided by 416?
346
Calculate the remainder when 25316 is divided by 666.
8
Calculate the remainder when 2491 is divided by 55.
16
What is the remainder when 7361 is divided by 753?
584
What is the remainder when 17617 is divided by 2513?
26
What is the remainder when 2438 is divided by 472?
78
What is the remainder when 10814 is divided by 29?
26
What is the remainder when 48485 is divided by 199?
128
Calculate the remainder when 902550 is divided by 27.
21
What is the remainder when 134898 is divided by 44953?
39
What is the remainder when 2903 is divided by